 greatest common divisor of 160 and 42080?
160
What is the greatest common factor of 36 and 528588?
36
Calculate the highest common factor of 5301 and 14508.
279
What is the greatest common factor of 44245 and 25?
5
What is the greatest common factor of 63 and 43803?
9
Calculate the highest common divisor of 648382 and 29.
29
What is the highest common divisor of 1953 and 21609?
63
Calculate the highest common factor of 8910 and 48330.
270
Calculate the greatest common factor of 12 and 169.
1
What is the greatest common factor of 348423 and 3?
3
Calculate the greatest common divisor of 27 and 146286.
27
Calculate the greatest common factor of 1699 and 7881661.
1699
What is the greatest common factor of 37 and 197?
1
What is the highest common factor of 19201 and 26?
13
Calculate the highest common factor of 3 and 116925.
3
What is the greatest common factor of 210141 and 559?
43
What is the highest common factor of 7326 and 3366?
198
What is the highest common divisor of 7933960 and 40?
40
Calculate the greatest common factor of 5800 and 34600.
200
What is the greatest common divisor of 400664 and 176?
88
Calculate the greatest common factor of 121363 and 170731.
2057
What is the highest common factor of 38657 and 1?
1
What is the highest common factor of 139 and 53237?
139
What is the highest common factor of 6512 and 143671?
407
What is the greatest common factor of 26 and 2650427?
13
Calculate the highest common factor of 30634 and 4624.
578
Calculate the greatest common divisor of 1410 and 960.
30
What is the greatest common factor of 441 and 122598?
441
What is the greatest common factor of 609 and 12025314?
609
Calculate the greatest common factor of 190561 and 441.
49
What is the highest common divisor of 10912509 and 18?
9
What is the greatest common factor of 18154 and 16994?
58
What is the highest common factor of 6633 and 239793?
201
What is the highest common divisor of 198203 and 393?
131
Calculate the highest common divisor of 1820 and 660.
20
What is the highest common divisor of 27783 and 80514?
567
What is the highest common factor of 1217206 and 506?
46
What is the highest common divisor of 72432 and 120?
24
Calculate the greatest common divisor of 693112 and 616.
56
Calculate the highest common divisor of 4542 and 12.
6
What is the greatest common divisor of 1411930 and 260?
130
What is the highest common factor of 148356 and 468?
468
Calculate the highest common factor of 114 and 14174.
38
Calculate the greatest common factor of 2576 and 202538.
322
Calculate the highest common divisor of 10272 and 28896.
96
Calculate the highest common factor of 15147 and 818829.
891
Calculate the greatest common factor of 1644411 and 411.
411
Calculate the highest common divisor of 80 and 11260.
20
Calculate the highest common divisor of 60 and 140265.
15
What is the highest common divisor of 392 and 16219?
49
Calculate the greatest common divisor of 33 and 22341.
33
Calculate the greatest common divisor of 3842 and 32544.
226
What is the highest common divisor of 96696 and 417673?
1343
Calculate the highest common factor of 1250 and 140.
10
What is the greatest common factor of 8808 and 120?
24
Calculate the highest common divisor of 168 and 15876.
84
Calculate the highest common divisor of 1946 and 3010.
14
What is the highest common divisor of 39640 and 460?
20
What is the highest common divisor of 302490 and 20?
10
Calculate the greatest common divisor of 8281 and 3458.
91
What is the greatest common divisor of 15066 and 62?
62
Calculate the highest common divisor of 48060 and 740.
20
What is the highest common divisor of 5911 and 453091?
257
What is the greatest common factor of 611877 and 3?
3
What is the highest common divisor of 17 and 4689059?
17
Calculate the greatest common factor of 47 and 4950181.
47
What is the highest common factor of 235387 and 7619?
401
What is the highest common factor of 576 and 44559?
9
What is the greatest common factor of 210 and 22995?
105
What is the greatest common factor of 94401 and 68?
17
Calculate the highest common factor of 104559 and 2184.
273
What is the highest common factor of 7072 and 24089?
221
Calculate the greatest common divisor of 12 and 557094.
6
What is the highest common factor of 206 and 504082?
206
What is the highest common factor of 2332 and 5618?
106
Calculate the highest common divisor of 2173 and 32966.
53
Calculate the greatest common factor of 43882 and 1186.
1186
Calculate the highest common factor of 63516 and 2412.
804
Calculate the highest common factor of 5958 and 2754.
18
Calculate the greatest common divisor of 11989 and 7572.
631
What is the greatest common factor of 705 and 10560?
15
Calculate the greatest common divisor of 56228 and 4.
4
What is the highest common factor of 9006 and 34580?
38
Calculate the greatest common factor of 4770 and 21.
3
Calculate the greatest common factor of 332088 and 36.
12
Calculate the highest common factor of 2856 and 13440.
168
Calculate the highest common divisor of 6970 and 16400.
410
What is the greatest common divisor of 209144 and 26?
26
Calculate the highest common factor of 70 and 101930.
10
Calculate the highest common factor of 22344 and 84.
84
What is the highest common divisor of 2628 and 675?
9
What is the greatest common divisor of 936 and 22032?
72
Calculate the highest common factor of 3145860 and 18.
18
What is the greatest common factor of 151 and 689466?
151
What is the greatest common divisor of 115 and 398935?
115
Calculate the highest common factor of 3829025 and 515.
515
Calculate the highest common divisor of 1817 and 7347.
79
Calculate the greatest common divisor of 622923 and 7.
7
What is the highest common divisor of 55083 and 2928?
183
What is the highest common factor of 140 and 65030?
70
Calculate the highest common divisor of 9850 and 330.
10
What is the highest common divisor of 413269 and 57?
19
Calculate the highest common divisor of 2445 and 235861.
163
Calculate the highest common factor of 1921 and 3145.
17
Calculate the highest common divisor of 9879 and 1443.
111
What is the greatest common factor of 107448 and 4440?
888
Calculate the greatest common factor of 26 and 52286.
26
Calculate the greatest common divisor of 200 and 196000.
200
Calculate the greatest common divisor of 407 and 1793.
11
Calculate the highest common divisor of 3 and 1063.
1
Calculate the greatest common factor of 10 and 3097210.
10
Calculate the greatest common divisor of 38467 and 1573.
143
Calculate the greatest common factor of 306 and 580176.
306
What is the highest common factor of 3123 and 45457?
347
Calculate the highest common factor of 7148959 and 38.
19
What is the greatest common divisor of 16643 and 136?
17
Calculate the greatest common divisor of 47332 and 32.
4
What is the highest common factor of 2171 and 10688?
167
Calculate the greatest common factor of 3282 and 78.
6
What is the highest common factor of 1063095 and 255?
255
Calculate the greatest common factor of 36315 and 180.
45
Calculate the greatest common divisor of 39999 and 71757.
201
What is the highest common divisor of 12502 and 4?
2
Calculate the highest common divisor of 26 and 197366.
26
What is the greatest common divisor of 17 and 1358674?
17
What is the highest common divisor of 17679675 and 195?
195
What is the greatest common factor of 221 and 4966?
13
Calculate the greatest common factor of 176343 and 258.
129
Calculate the highest common divisor of 126510 and 30.
30
Calculate the greatest common factor of 278 and 78813.
139
What is the greatest common factor of 6760 and 440?
40
What is the greatest common factor of 1326 and 991406?
442
Calculate the highest common divisor of 6018 and 3332.
34
What is the greatest common divisor of 4064 and 585724?
508
Calculate the highest common factor of 6665 and 5375.
215
What is the greatest common divisor of 2592 and 891?
81
What is the highest common divisor of 7728 and 3266?
46
What is the highest common factor of 56 and 66352?
8
What is the highest common divisor of 22044 and 99?
33
Calculate the highest common divisor of 1658345 and 39.
13
Calculate the highest common divisor of 139872 and 186.
186
Calculate the greatest common divisor of 604 and 34492024.
604
Calculate the highest 